{"id":2977,"date":"2020-11-05T14:33:44","date_gmt":"2020-11-05T14:33:44","guid":{"rendered":"https:\/\/mamashelter.com\/belgrade\/wifi\/"},"modified":"2025-08-08T13:57:34","modified_gmt":"2025-08-08T13:57:34","slug":"wifi","status":"publish","type":"page","link":"https:\/\/sr.mamashelter.com\/belgrade\/wifi\/","title":{"rendered":"Po\u010detna strana WiFi"},"content":{"rendered":"","protected":false},"excerpt":{"rendered":"","protected":false},"author":6,"featured_media":0,"parent":0,"menu_order":0,"comment_status":"closed","ping_status":"closed","template":"","meta":{"footnotes":""},"class_list":["post-2977","page","type-page","status-publish","hentry"],"acf":[],"yoast_head":"<!-- This site is optimized with the Yoast SEO plugin v20.13 - https:\/\/yoast.com\/wordpress\/plugins\/seo\/ -->\n<title>Dobrodo\u0161li u Mama Shelter! U\u017eivajte u na\u0161em besplatnom WiFi internetu!<\/title>\n<meta name=\"description\" content=\"Mama ti omogu\u0107ava kori\u0161\u0107enje najbolje tehnike potpuno besplatno: wifi! U\u017eivaj u njemu tokom svog boravka bez dodatne naplate.\" \/>\n<meta name=\"robots\" content=\"index, follow, max-snippet:-1, max-image-preview:large, max-video-preview:-1\" \/>\n<link rel=\"canonical\" href=\"https:\/\/sr.mamashelter.com\/belgrade\/wifi\/\" \/>\n<meta property=\"og:locale\" content=\"sr_RS\" \/>\n<meta property=\"og:type\" content=\"article\" \/>\n<meta property=\"og:title\" content=\"Dobrodo\u0161li u Mama Shelter! U\u017eivajte u na\u0161em besplatnom WiFi internetu!\" \/>\n<meta property=\"og:description\" content=\"Mama ti omogu\u0107ava kori\u0161\u0107enje najbolje tehnike potpuno besplatno: wifi! U\u017eivaj u njemu tokom svog boravka bez dodatne naplate.\" \/>\n<meta property=\"og:url\" content=\"https:\/\/sr.mamashelter.com\/belgrade\/wifi\/\" \/>\n<meta property=\"og:site_name\" content=\"Belgrade\" \/>\n<meta property=\"article:modified_time\" content=\"2025-08-08T13:57:34+00:00\" \/>\n<meta name=\"twitter:card\" content=\"summary_large_image\" \/>\n<script type=\"application\/ld+json\" class=\"yoast-schema-graph\">{\"@context\":\"https:\/\/schema.org\",\"@graph\":[{\"@type\":\"WebPage\",\"@id\":\"https:\/\/sr.mamashelter.com\/belgrade\/wifi\/\",\"url\":\"https:\/\/sr.mamashelter.com\/belgrade\/wifi\/\",\"name\":\"Dobrodo\u0161li u Mama Shelter! U\u017eivajte u na\u0161em besplatnom WiFi internetu!\",\"isPartOf\":{\"@id\":\"https:\/\/sr.mamashelter.com\/belgrade\/#website\"},\"datePublished\":\"2020-11-05T14:33:44+00:00\",\"dateModified\":\"2025-08-08T13:57:34+00:00\",\"description\":\"Mama ti omogu\u0107ava kori\u0161\u0107enje najbolje tehnike potpuno besplatno: wifi! U\u017eivaj u njemu tokom svog boravka bez dodatne naplate.\",\"breadcrumb\":{\"@id\":\"https:\/\/sr.mamashelter.com\/belgrade\/wifi\/#breadcrumb\"},\"inLanguage\":\"sr-RS\",\"potentialAction\":[{\"@type\":\"ReadAction\",\"target\":[\"https:\/\/sr.mamashelter.com\/belgrade\/wifi\/\"]}]},{\"@type\":\"BreadcrumbList\",\"@id\":\"https:\/\/sr.mamashelter.com\/belgrade\/wifi\/#breadcrumb\",\"itemListElement\":[{\"@type\":\"ListItem\",\"position\":1,\"name\":\"Home\",\"item\":\"https:\/\/sr.mamashelter.com\/belgrade\/\"},{\"@type\":\"ListItem\",\"position\":2,\"name\":\"Po\u010detna strana WiFi\"}]},{\"@type\":\"WebSite\",\"@id\":\"https:\/\/sr.mamashelter.com\/belgrade\/#website\",\"url\":\"https:\/\/sr.mamashelter.com\/belgrade\/\",\"name\":\"Belgrade\",\"description\":\"Mama Shelter\",\"potentialAction\":[{\"@type\":\"SearchAction\",\"target\":{\"@type\":\"EntryPoint\",\"urlTemplate\":\"https:\/\/sr.mamashelter.com\/belgrade\/?s={search_term_string}\"},\"query-input\":\"required name=search_term_string\"}],\"inLanguage\":\"sr-RS\"}]}<\/script>\n<!-- \/ Yoast SEO plugin. -->","yoast_head_json":{"title":"Dobrodo\u0161li u Mama Shelter! U\u017eivajte u na\u0161em besplatnom WiFi internetu!","description":"Mama ti omogu\u0107ava kori\u0161\u0107enje najbolje tehnike potpuno besplatno: wifi! U\u017eivaj u njemu tokom svog boravka bez dodatne naplate.","robots":{"index":"index","follow":"follow","max-snippet":"max-snippet:-1","max-image-preview":"max-image-preview:large","max-video-preview":"max-video-preview:-1"},"canonical":"https:\/\/sr.mamashelter.com\/belgrade\/wifi\/","og_locale":"sr_RS","og_type":"article","og_title":"Dobrodo\u0161li u Mama Shelter! U\u017eivajte u na\u0161em besplatnom WiFi internetu!","og_description":"Mama ti omogu\u0107ava kori\u0161\u0107enje najbolje tehnike potpuno besplatno: wifi! U\u017eivaj u njemu tokom svog boravka bez dodatne naplate.","og_url":"https:\/\/sr.mamashelter.com\/belgrade\/wifi\/","og_site_name":"Belgrade","article_modified_time":"2025-08-08T13:57:34+00:00","twitter_card":"summary_large_image","schema":{"@context":"https:\/\/schema.org","@graph":[{"@type":"WebPage","@id":"https:\/\/sr.mamashelter.com\/belgrade\/wifi\/","url":"https:\/\/sr.mamashelter.com\/belgrade\/wifi\/","name":"Dobrodo\u0161li u Mama Shelter! U\u017eivajte u na\u0161em besplatnom WiFi internetu!","isPartOf":{"@id":"https:\/\/sr.mamashelter.com\/belgrade\/#website"},"datePublished":"2020-11-05T14:33:44+00:00","dateModified":"2025-08-08T13:57:34+00:00","description":"Mama ti omogu\u0107ava kori\u0161\u0107enje najbolje tehnike potpuno besplatno: wifi! U\u017eivaj u njemu tokom svog boravka bez dodatne naplate.","breadcrumb":{"@id":"https:\/\/sr.mamashelter.com\/belgrade\/wifi\/#breadcrumb"},"inLanguage":"sr-RS","potentialAction":[{"@type":"ReadAction","target":["https:\/\/sr.mamashelter.com\/belgrade\/wifi\/"]}]},{"@type":"BreadcrumbList","@id":"https:\/\/sr.mamashelter.com\/belgrade\/wifi\/#breadcrumb","itemListElement":[{"@type":"ListItem","position":1,"name":"Home","item":"https:\/\/sr.mamashelter.com\/belgrade\/"},{"@type":"ListItem","position":2,"name":"Po\u010detna strana WiFi"}]},{"@type":"WebSite","@id":"https:\/\/sr.mamashelter.com\/belgrade\/#website","url":"https:\/\/sr.mamashelter.com\/belgrade\/","name":"Belgrade","description":"Mama Shelter","potentialAction":[{"@type":"SearchAction","target":{"@type":"EntryPoint","urlTemplate":"https:\/\/sr.mamashelter.com\/belgrade\/?s={search_term_string}"},"query-input":"required name=search_term_string"}],"inLanguage":"sr-RS"}]}},"jetpack_sharing_enabled":true,"_links":{"self":[{"href":"https:\/\/sr.mamashelter.com\/belgrade\/wp-json\/wp\/v2\/pages\/2977","targetHints":{"allow":["GET"]}}],"collection":[{"href":"https:\/\/sr.mamashelter.com\/belgrade\/wp-json\/wp\/v2\/pages"}],"about":[{"href":"https:\/\/sr.mamashelter.com\/belgrade\/wp-json\/wp\/v2\/types\/page"}],"author":[{"embeddable":true,"href":"https:\/\/sr.mamashelter.com\/belgrade\/wp-json\/wp\/v2\/users\/6"}],"replies":[{"embeddable":true,"href":"https:\/\/sr.mamashelter.com\/belgrade\/wp-json\/wp\/v2\/comments?post=2977"}],"version-history":[{"count":1,"href":"https:\/\/sr.mamashelter.com\/belgrade\/wp-json\/wp\/v2\/pages\/2977\/revisions"}],"predecessor-version":[{"id":5323,"href":"https:\/\/sr.mamashelter.com\/belgrade\/wp-json\/wp\/v2\/pages\/2977\/revisions\/5323"}],"wp:attachment":[{"href":"https:\/\/sr.mamashelter.com\/belgrade\/wp-json\/wp\/v2\/media?parent=2977"}],"curies":[{"name":"wp","href":"https:\/\/api.w.org\/{rel}","templated":true}]}}