{"id":3005,"date":"2020-11-05T15:52:24","date_gmt":"2020-11-05T15:52:24","guid":{"rendered":"https:\/\/mamashelter.com\/belgrade\/jedi-pij\/"},"modified":"2025-11-21T14:53:09","modified_gmt":"2025-11-21T14:53:09","slug":"jedi-pij","status":"publish","type":"page","link":"https:\/\/sr.mamashelter.com\/belgrade\/jedi-pij\/","title":{"rendered":"Jelo &#038; Pi\u0107e"},"content":{"rendered":"","protected":false},"excerpt":{"rendered":"","protected":false},"author":7,"featured_media":0,"parent":0,"menu_order":0,"comment_status":"closed","ping_status":"closed","template":"","meta":{"footnotes":""},"class_list":["post-3005","page","type-page","status-publish","hentry"],"acf":[],"yoast_head":"<!-- This site is optimized with the Yoast SEO plugin v20.13 - https:\/\/yoast.com\/wordpress\/plugins\/seo\/ -->\n<title>Restoran jedinstvenog dizajna, Bar, Bran\u010d i Rooftop restoran u Belgrade | Mama Shelter<\/title>\n<meta name=\"description\" content=\"Otkrij Mama Shelter restoran jedinstvenog dizajna, bar i Rooftop restoran u Belgrade. Doma\u0107a jela, bran\u010d, kokteli... Rezervi\u0161i sto!\" \/>\n<meta name=\"robots\" content=\"index, follow, max-snippet:-1, max-image-preview:large, max-video-preview:-1\" \/>\n<link rel=\"canonical\" href=\"https:\/\/sr.mamashelter.com\/belgrade\/jedi-pij\/\" \/>\n<meta property=\"og:locale\" content=\"sr_RS\" \/>\n<meta property=\"og:type\" content=\"article\" \/>\n<meta property=\"og:title\" content=\"Restoran jedinstvenog dizajna, Bar, Bran\u010d i Rooftop restoran u Belgrade | Mama Shelter\" \/>\n<meta property=\"og:description\" content=\"Otkrij Mama Shelter restoran jedinstvenog dizajna, bar i Rooftop restoran u Belgrade. Doma\u0107a jela, bran\u010d, kokteli... Rezervi\u0161i sto!\" \/>\n<meta property=\"og:url\" content=\"https:\/\/sr.mamashelter.com\/belgrade\/jedi-pij\/\" \/>\n<meta property=\"og:site_name\" content=\"Belgrade\" \/>\n<meta property=\"article:modified_time\" content=\"2025-11-21T14:53:09+00:00\" \/>\n<meta name=\"twitter:card\" content=\"summary_large_image\" \/>\n<script type=\"application\/ld+json\" class=\"yoast-schema-graph\">{\"@context\":\"https:\/\/schema.org\",\"@graph\":[{\"@type\":\"WebPage\",\"@id\":\"https:\/\/sr.mamashelter.com\/belgrade\/jedi-pij\/\",\"url\":\"https:\/\/sr.mamashelter.com\/belgrade\/jedi-pij\/\",\"name\":\"Restoran jedinstvenog dizajna, Bar, Bran\u010d i Rooftop restoran u Belgrade | Mama Shelter\",\"isPartOf\":{\"@id\":\"https:\/\/sr.mamashelter.com\/belgrade\/#website\"},\"datePublished\":\"2020-11-05T15:52:24+00:00\",\"dateModified\":\"2025-11-21T14:53:09+00:00\",\"description\":\"Otkrij Mama Shelter restoran jedinstvenog dizajna, bar i Rooftop restoran u Belgrade. Doma\u0107a jela, bran\u010d, kokteli... Rezervi\u0161i sto!\",\"breadcrumb\":{\"@id\":\"https:\/\/sr.mamashelter.com\/belgrade\/jedi-pij\/#breadcrumb\"},\"inLanguage\":\"sr-RS\",\"potentialAction\":[{\"@type\":\"ReadAction\",\"target\":[\"https:\/\/sr.mamashelter.com\/belgrade\/jedi-pij\/\"]}]},{\"@type\":\"BreadcrumbList\",\"@id\":\"https:\/\/sr.mamashelter.com\/belgrade\/jedi-pij\/#breadcrumb\",\"itemListElement\":[{\"@type\":\"ListItem\",\"position\":1,\"name\":\"Home\",\"item\":\"https:\/\/sr.mamashelter.com\/belgrade\/\"},{\"@type\":\"ListItem\",\"position\":2,\"name\":\"Jelo &#038; Pi\u0107e\"}]},{\"@type\":\"WebSite\",\"@id\":\"https:\/\/sr.mamashelter.com\/belgrade\/#website\",\"url\":\"https:\/\/sr.mamashelter.com\/belgrade\/\",\"name\":\"Belgrade\",\"description\":\"Mama Shelter\",\"potentialAction\":[{\"@type\":\"SearchAction\",\"target\":{\"@type\":\"EntryPoint\",\"urlTemplate\":\"https:\/\/sr.mamashelter.com\/belgrade\/?s={search_term_string}\"},\"query-input\":\"required name=search_term_string\"}],\"inLanguage\":\"sr-RS\"}]}<\/script>\n<!-- \/ Yoast SEO plugin. -->","yoast_head_json":{"title":"Restoran jedinstvenog dizajna, Bar, Bran\u010d i Rooftop restoran u Belgrade | Mama Shelter","description":"Otkrij Mama Shelter restoran jedinstvenog dizajna, bar i Rooftop restoran u Belgrade. Doma\u0107a jela, bran\u010d, kokteli... Rezervi\u0161i sto!","robots":{"index":"index","follow":"follow","max-snippet":"max-snippet:-1","max-image-preview":"max-image-preview:large","max-video-preview":"max-video-preview:-1"},"canonical":"https:\/\/sr.mamashelter.com\/belgrade\/jedi-pij\/","og_locale":"sr_RS","og_type":"article","og_title":"Restoran jedinstvenog dizajna, Bar, Bran\u010d i Rooftop restoran u Belgrade | Mama Shelter","og_description":"Otkrij Mama Shelter restoran jedinstvenog dizajna, bar i Rooftop restoran u Belgrade. Doma\u0107a jela, bran\u010d, kokteli... Rezervi\u0161i sto!","og_url":"https:\/\/sr.mamashelter.com\/belgrade\/jedi-pij\/","og_site_name":"Belgrade","article_modified_time":"2025-11-21T14:53:09+00:00","twitter_card":"summary_large_image","schema":{"@context":"https:\/\/schema.org","@graph":[{"@type":"WebPage","@id":"https:\/\/sr.mamashelter.com\/belgrade\/jedi-pij\/","url":"https:\/\/sr.mamashelter.com\/belgrade\/jedi-pij\/","name":"Restoran jedinstvenog dizajna, Bar, Bran\u010d i Rooftop restoran u Belgrade | Mama Shelter","isPartOf":{"@id":"https:\/\/sr.mamashelter.com\/belgrade\/#website"},"datePublished":"2020-11-05T15:52:24+00:00","dateModified":"2025-11-21T14:53:09+00:00","description":"Otkrij Mama Shelter restoran jedinstvenog dizajna, bar i Rooftop restoran u Belgrade. Doma\u0107a jela, bran\u010d, kokteli... Rezervi\u0161i sto!","breadcrumb":{"@id":"https:\/\/sr.mamashelter.com\/belgrade\/jedi-pij\/#breadcrumb"},"inLanguage":"sr-RS","potentialAction":[{"@type":"ReadAction","target":["https:\/\/sr.mamashelter.com\/belgrade\/jedi-pij\/"]}]},{"@type":"BreadcrumbList","@id":"https:\/\/sr.mamashelter.com\/belgrade\/jedi-pij\/#breadcrumb","itemListElement":[{"@type":"ListItem","position":1,"name":"Home","item":"https:\/\/sr.mamashelter.com\/belgrade\/"},{"@type":"ListItem","position":2,"name":"Jelo &#038; Pi\u0107e"}]},{"@type":"WebSite","@id":"https:\/\/sr.mamashelter.com\/belgrade\/#website","url":"https:\/\/sr.mamashelter.com\/belgrade\/","name":"Belgrade","description":"Mama Shelter","potentialAction":[{"@type":"SearchAction","target":{"@type":"EntryPoint","urlTemplate":"https:\/\/sr.mamashelter.com\/belgrade\/?s={search_term_string}"},"query-input":"required name=search_term_string"}],"inLanguage":"sr-RS"}]}},"jetpack_sharing_enabled":true,"_links":{"self":[{"href":"https:\/\/sr.mamashelter.com\/belgrade\/wp-json\/wp\/v2\/pages\/3005","targetHints":{"allow":["GET"]}}],"collection":[{"href":"https:\/\/sr.mamashelter.com\/belgrade\/wp-json\/wp\/v2\/pages"}],"about":[{"href":"https:\/\/sr.mamashelter.com\/belgrade\/wp-json\/wp\/v2\/types\/page"}],"author":[{"embeddable":true,"href":"https:\/\/sr.mamashelter.com\/belgrade\/wp-json\/wp\/v2\/users\/7"}],"replies":[{"embeddable":true,"href":"https:\/\/sr.mamashelter.com\/belgrade\/wp-json\/wp\/v2\/comments?post=3005"}],"version-history":[{"count":1,"href":"https:\/\/sr.mamashelter.com\/belgrade\/wp-json\/wp\/v2\/pages\/3005\/revisions"}],"predecessor-version":[{"id":5307,"href":"https:\/\/sr.mamashelter.com\/belgrade\/wp-json\/wp\/v2\/pages\/3005\/revisions\/5307"}],"wp:attachment":[{"href":"https:\/\/sr.mamashelter.com\/belgrade\/wp-json\/wp\/v2\/media?parent=3005"}],"curies":[{"name":"wp","href":"https:\/\/api.w.org\/{rel}","templated":true}]}}